= -4*y + y - y**2 + 0*y - 6. Let v be g(-4). Let m be (-4)/v - (-48)/(-20). What is r(m)?
4
Suppose 0 - 2 = 2*f. Let j(x) = -x**3 - 6*x**2 + 5*x + 6. Let g(v) = v**2 - v - 1. Let b(m) = f*j(m) - 3*g(m). Let o be 2 - (3 + 2 + -1). Give b(o).
5
Let r(k) = k - 11. Let x(c) = -c + 6. Let v(u) = -3*r(u) - 5*x(u). What is v(3)?
9
Let u(v) = 7*v. Let l = 3 - 0. Let y = 2 + l. Suppose 4*c - y = -3*s - 4, c + 3*s + 2 = 0. Determine u(c).
7
Let y be -1*1/(1/3). Let b = 9 + -9. Let p(l) = -3*l**2 - l**3 + 3 + b*l**3 + 3*l - 1. Determine p(y).
-7
Let s(g) = -g**3 - 5*g**2 + 5*g + 3. Let w(i) = -5*i**2 - 1. Suppose -5*p = -h - 2*h + 4, -4*p + 13 = 3*h. Let x be w(p). Calculate s(x).
9
Let z(m) = -m + 4. Let b(c) = c**2 + 2*c - 1. Let i be b(-3). Suppose 3*a + 12 = 0, -13 - 1 = -2*p + i*a. Calculate z(p).
1
Let d(s) = 14*s + 33. Let r(b) = 5*b + 11. Let u(t) = -4*d(t) + 11*r(t). Let f(n) = 4 - 3 - 2. Let y(k) = -18*f(k) + 2*u(k). Determine y(-3).
2
Let y = 3 - 1. Let h(n) = 0 - n**2 - 2 - y + 3*n + 1. Calculate h(3).
-3
Let a(l) = -2*l - 4*l**2 - 2 - 4*l + 3*l. Calculate a(-2).
-12
Let y = 60 - 67. Let u(i) = -i**3 - 6*i**2 + 6*i - 10. Determine u(y).
-3
Let b(x) = -2*x + 3. Suppose 0 = -d - 3*m + 20, 2*d + m = 3*m. Calculate b(d).
-7
Let j(z) = z**3 + 5*z**2 + 5*z + 6. Let y be j(-4). Let g(w) = 0 - w**3 - 4*w**2 + y*w + 0*w**2 - 4 + w**2. Calculate g(-4).
4
Let l(g) = g**2 - 4*g + 1. Let x be l(4). Let v(p) = -p + p**2 - p**3 + p**2 + 5*p**3. Let w be v(x). Let d(i) = -i**3 + 4*i**2 + 5*i + 1. Determine d(w).
1
Suppose 0 = -3*d - 5*y + 28, -4*y + 4 = -d + y. Suppose 2*h = -h - d. Let k(t) be the first derivative of t**4/4 + t**3 + t**2/2 - 1. Determine k(h).
2
Let p(m) = 5*m - 27. Let z(n) = 2*n - 9. Let v(q) = 4*p(q) - 11*z(q). Suppose -2*o - 3 - 9 = 0. What is v(o)?
3
Let x(u) = -2*u**2 + 3*u. Let f(d) = -d**2 + 7*d - 4. Let c be f(6). What is x(c)?
-2
Let q(c) = 2*c + 22 - c - 23 - c**3 - 4*c**2. What is q(-5)?
19
Let f(w) be the second derivative of -w**8/6720 - w**7/2520 - w**5/120 - w**4/4 + w. Let j(d) be the third derivative of f(d). Give j(0).
-1
Suppose -2*a - 10 = -7*a. Suppose 0 = -a*v - 0*v + 6. Let r(m) = 3*m**2 - 9*m + 8. Let w(y) = 2*y**2 - 6*y + 5. Let g(f) = 5*r(f) - 8*w(f). Calculate g(v).
0
Let z be (0 + -3 + 3)*(-3)/(-6). Let j(t) = -t**2 - t - 2. Give j(z).
-2
Let o(f) = -f**3 + f**2 + f + 1. Let s(v) = 5*v**3 - v**2 - 2*v. Let l(d) = -4*o(d) - s(d). Determine l(-3).
2
Let c = -20 + 23. Let p(s) = 5*s - c*s - 3 - 2*s - s. Determine p(4).
-7
Let m(c) = c**3 + 5*c**2 + c + 4. Let k = 6 + -4. Suppose h + 0*t = -t - k, 5*t - 15 = 0. What is m(h)?
-1
Let h(c) = c**3 + 5*c**2 - 4. Let s be h(-5). Let y(b) = 3*b - 2. Let l(f) = -2*f + 1. Let m(g) = s*y(g) - 7*l(g). Suppose 10 = 2*u + 3*u. Calculate m(u).
5
Let a(q) = q**3 - 5*q**2 + 3*q - 4. Suppose 2*i = -3*i + 20. What is a(i)?
-8
Let q(l) = l**2 + l + 2. Let f = 3 + 1. Let g = f - 2. Give q(g).
8
Let k(g) = 0*g + g + 2*g**3 + g**2 - g**3. Suppose -2 = -q - 3. Give k(q).
-1
Let p be 80/24*(-3)/(-2). Let f(r) = -r**3 + 6*r**2 - 8*r - 8. Let d(m) = m**3 - 6*m**2 + 7*m + 7. Let k(c) = 5*d(c) + 4*f(c). Give k(p).
-7
Let t = 7 + -5. Let w(v) be the third derivative of 1/3*v**3 - 1/24*v**4 + 1/60*v**5 - t*v**2 + 0 + 0*v. Calculate w(3).
8
Let h(q) be the first derivative of q**3/3 - 20. Let g(x) = x**2 - 5*x + 2. Let b be g(5). Suppose 0 = -b*r - 3 - 3. Determine h(r).
9
Let c(m) = 2*m + 4. Suppose 0 = 3*g + 3*h + 33, -5*g - 4*h + 7 = 57. Let l = g - -1. Give c(l).
-6
Let c(q) = -22*q - 1 - 25*q + 19*q. Calculate c(-1).
27
Let v(t) = -3*t - 3. Let m = -16 - -14. What is v(m)?
3
Let a(r) = -3*r + 2. Suppose 5*l = 3*x + 4, 2*l + 3*x + 2*x = 14. What is a(l)?
-4
Let b(i) = 25 - 6*i - 21 + i + i**2. Determine b(3).
-2
Let v(u) = 5*u**3 + u**2 + u - 1. Suppose 0 = -r - 3*r + 16. Suppose c + r = 5. Determine v(c).
6
Let p(g) = -g**2 - g + 7*g + 10 + 1. Determine p(8).
-5
Let w(h) = -8*h**3 + 4*h**3 + 3*h**3 + 2*h**2 - 3 + 3*h. Let k = 18 - 15. Determine w(k).
-3
Let a(q) = -5*q - 117. Let z be a(-24). Let v(i) be the third derivative of -1/60*i**5 - 1/2*i**z - 5/24*i**4 + 0*i + 0 + 5*i**2. What is v(-3)?
3
Let a be (1 + -1 + -2)/(-1). Suppose -5*m = a*f - 0*m - 8, -4*f + 5*m + 16 = 0. Let n = -3 + f. Let i(s) = -3*s - 1. Calculate i(n).
-4
Let l be (-5 + (-3 - -6))*2. Let i(n) be the first derivative of -2*n**2 + 2. Let c(g) = -23*g - 1. Let o(d) = 6*c(d) - 34*i(d). What is o(l)?
2
Suppose 12 = -u - 4*j, 3*u - u = -3*j - 4. Let v(k) be the first derivative of -3*k - 2/3*k**3 - u - 2*k**2. Give v(-2).
-3
Suppose -3*i + 18 = -3*s, i - 3*s = -i + 15. Suppose -i*m = -8*m - 10. Let f(x) = -1. Let y(o) = -o**2 - 2*o + 1. Let j(u) = 2*f(u) + y(u). Calculate j(m).
-1
Suppose 5*s - y + 59 = -2*y, 2*s + 26 = 2*y. Let f = s + 17. Let h(m) = -m - 2. Calculate h(f).
-7
Suppose -2*p + 2*i = 2, 6*p - 3*p - 5 = i. Let m(x) = -3*x + x**2 - 9*x**3 + 8*x**3 + p*x**2 - 2 + x. Calculate m(3).
1
Let x(j) = -2*j**3 + j + 1. Let g = -79 + 78. What is x(g)?
2
Let t = 0 - -2. Let r(i) = -i**3 + 0*i**3 - i**2 - 3*i**t. Let y(j) = -6*j**2 - 2*j. Let b be y(-1). Determine r(b).
0
Let v(d) = d - 1. Suppose -5*n = 2 + 3. Let h(a) = -a. Let b(p) = n*v(p) - 4*h(p). Give b(-3).
-8
Suppose 86 = -5*b + 16. Let r = b - -10. Let q(g) = 2*g + 6. Calculate q(r).
-2
Let t be 1 + 2 + -3 + 3. Let z(p) = 4*p - 3. Suppose -8 = 5*o + 2. Let g(i) = 5*i - 4. Let q(w) = o*g(w) + t*z(w). Calculate q(1).
1
Let t be (2 + -2 + -2)/1. Let g(a) = -2*a**3 + a**2 - 5*a + 5*a + 1 + 3*a**3. Give g(t).
-3
Suppose 3*m + 7 = -11. Suppose 0 = 3*w - 0*w + 9. Let a = m - w. Let v(u) = -2*u - 4. Give v(a).
2
Let v(g) = g**3 - 4*g**2 - 5*g + 3. Let r be v(5). Let d(p) = -p**2 + 4*p - 4. Let a be d(r). Let x(j) = 6*j**3 + j + 1. Determine x(a).
-6
Let q(i) = -7 - 4 - 6*i**2 - i**2. Let u(g) = -6*g**2 - 11. Let c(o) = -5*q(o) + 6*u(o). Determine c(0).
-11
Let n(d) be the third derivative of d**6/120 - d**4/12 - d**3/3 + d**2. Let t(z) = -z**3 - 8*z**2 - 8*z - 9. Let r be t(-7). Determine n(r).
-6
Let c(s) be the first derivative of -9*s**2/2 + 5*s + 1. Let l(w) = 3*w - 2. Let p(m) = 2*c(m) + 7*l(m). Let h be 20/(-8)*6/(-5). What is p(h)?
5
Let z(r) = 2 + 3 + 5*r - 6*r - 6. What is z(7)?
-8
Let u = 134 + -135. Let h(k) = -3*k**2 - k - 1. Give h(u).
-3
Let d be (-1)/(1 + 9/(-6)). Let h(m) be the first derivative of -m**4/4 - m**2/2 + 2*m - 1. Calculate h(d).
-8
Suppose 19*u = 23*u - 8. Let k(d) be the first derivative of 0*d - 1/2*d**u + 0*d**3 - 4 + 5/4*d**4. Determine k(1).
4
Let m(r) be the second derivative of r**4/12 - r**3/6 - 2*r**2 - 13*r. Determine m(3).
2
Let u(i) be the third derivative of i**9/60480 + i**8/5040 - i**7/1680 + i**6/120 - i**5/15 + i**2. Let y(h) be the third derivative of u(h). Give y(-5).
-4
Let a be (1 + 0)/(38/152). Let g(j) = -2*j - 2. Calculate g(a).
-10
Let f = 4 - 1. Let x(n) = -2*n**2 - f*n + 2 - 5 - 2*n. Give x(-3).
-6
Let u(x) = 6*x**3 - 3 - 3*x - x + 2*x**2 + 4. Let r(b) = -18*b**3 - 7*b**2 + 13*b - 4. Suppose 1 = -3*m - 5. Let t(o) = m*r(o) - 7*u(o). Determine t(-1).
5
Let o(z) = z**2 - z - 5. Let g be o(0). Let p be (-1 + g)/(-2) - 1. Let f(t) = 2*t + 2. Determine f(p).
6
Let y(w) = -3*w**3 - 2*w**2 + 2*w. Let t be 4 + 1 + -6 - 2/2. Calculate y(t).
12
Let f(d) = d**3 + 11*d**2 + 4. Let m be f(-11). Let c(s) = s**2 - 1 - m*s**2 - 1 - s**2 + s**3. Determine c(4).
-2
Let w(n) be the first derivative of n**3/3 + n**2 + 2*n + 3. Let y(q) be the first derivative of w(q). Calculate y(-3).
-4
Let m(k) be the third derivative of -k**5/60 - k**4/4 - k**3 + 2*k**2. Let p be (0 - -1)/(4 + -3). Suppose -5 + p = l. Give m(l).
2
Let d(v) be the first derivative of -v**3/3 - 2*v**2 - v + 1. Let p be (16 + -4)*(2/(-6))/1. What is d(p)?
-1
Let h(f) = -f**3 + 3*f + 2*f**2 - 2 + f**2 - 2*f. Let b(s) = -s**2 - 5*s + 3. Let l be b(-5). What is h(l)?
1
Let z(h) = h**2 - 4*h - 1. Let g(y) = y**3 - 17*y**2 + y - 14. Let n be g(17). Calculate z(n).
-4
Suppose -15 = -16*q + 11*q. Let p(x) = 4 - 3*x + 0*x - x**3 + 0*x**3 + 4*x**2. Give p(q).
4
Let j be ((-5)/(40/4))/((-2)/(-12)). Let q(i) = -i - 1. Give q(j).
2
Let c = 9 + -6. Let x(t) = 5*t**2 - 7*t**c + 2*t - 4 - t + 6*t**3. Suppose b + 0*b - 5 = 0. Determine x(b).
1
Let y(s) = 10*s + 1. Let f(n) = 3*